et d(p) = -p**2 - 3 + w*p**3 - 2*p**3 + 14 + p**3. Let h = -21 + 21. Determine d(h).
11
Suppose -g = g + 10. Let v(c) be the third derivative of c**6/120 + c**5/12 + c**4/24 - 5*c**3/6 + 162*c**2. Give v(g).
-10
Let s(a) be the first derivative of -a**2 - 3*a + 4. Let t be (2 - 1)*-6 + 2. Determine s(t).
5
Let s(n) be the third derivative of -1/60*n**5 - 1/24*n**4 - 10*n**2 + 0*n + 0 - 1/6*n**3. Let j be -2 + 0 - (-2 - -1). What is s(j)?
-1
Let r(d) = d**2 + 8*d + 17. Let q be r(-5). Suppose -2*n + 4 + 16 = 0. Suppose q*a - 2 = -n. Let l(p) = -p - 3. Calculate l(a).
1
Let x = -1971 - -1978. Let i(f) = -6*f + 18. Calculate i(x).
-24
Suppose -85 + 30 = 5*f. Let m(p) = p**2 + 10*p - 15. What is m(f)?
-4
Let b(u) = 1 + 45*u**2 - 22*u**2 - 25*u**2 - 3*u**3 + 2*u + 4*u**3. Calculate b(3).
16
Let k = 7 - 4. Let m(x) = -123*x + 123*x + x**k. Let q be (3/9)/((-1)/(-3)). Calculate m(q).
1
Suppose -62 = 5*w - 5*j - 17, 3 = w + 3*j. Let h(i) be the second derivative of -i**4/12 - 2*i**3/3 - i**2 + 2*i. Give h(w).
-14
Let u = 35 + -42. Let t(a) = 26*a + 40. Let p(j) = -5*j - 8. Let c(y) = 16*p(y) + 3*t(y). What is c(u)?
6
Let u(a) = 9 - 10*a**3 + 5 - 4 - 2*a**2 + 1 + 22*a. Let v(x) = -7*x**3 - x**2 + 15*x + 7. Let z(j) = 5*u(j) - 7*v(j). Calculate z(-4).
2
Suppose -4*r = 3*r + 14. Let a(k) be the third derivative of -6*k**2 + 1/3*k**3 + 0 + 1/60*k**5 - 1/24*k**4 + 0*k. What is a(r)?
8
Suppose -3 = -3*r - 2*y, -3*y = -4*r - 13 + 34. Let m(x) = -x**r - 6 - 10 + 2*x + 4*x**2 + 16. What is m(4)?
8
Let a be (-1)/((216/(-11))/(-4) - 5). Let p(m) = m - 19. Determine p(a).
-8
Let v(t) = -5*t**2 - 21*t - 6. Let r(c) = -14*c**2 - 61*c - 18. Let l(y) = -4*r(y) + 11*v(y). Calculate l(-12).
-6
Let u(o) = -o - 4. Let w be 1 + -1 + (6 - 6). Suppose 5*l - 2*l = -3*m - 30, 2*m - 3*l + 5 = w. Determine u(m).
3
Suppose 5*b = -4*n, -n - 5 = -2*n. Let m(g) = g**3 + 5*g**2 + 3*g - 3. Determine m(b).
1
Let i = -12 - -8. Let v(k) = k + 8. Let h be v(i). Suppose 0 = -s - h*s - 3*d + 15, -1 = 4*s + 5*d. Let j(l) = l**2 - 7*l + 8. Give j(s).
2
Let f = 25 + -33. Let j be -3 + 4/(f/(-6)). Suppose j = -n - 2*l - 9, -2*n + 4*l + 3 = n. Let d(g) = -g**2 - 4*g - 3. Determine d(n).
0
Let d(f) = f**2 - 6*f + 4. Let n(b) be the third derivative of 5*b**4/24 + 5*b**3/3 - 3*b**2. Let c be n(-4). Let o = c - -14. Calculate d(o).
-4
Let s(a) = a + 9. Let v = 593 - 603. Give s(v).
-1
Let m be (-55)/22*(-8)/10. Let j(f) = -4 - 21*f + 1 + 2*f**2 - 11 - 1. Let o(l) = -l**2 + 10*l + 7. Let t(w) = -6*j(w) - 13*o(w). What is t(m)?
-5
Let t(s) = -13*s - 2. Let r(b) = -b**3 - 6*b**2 + 19*b + 23. Let f be r(-8). Give t(f).
11
Let s(y) = -y**3 - 4*y**2 + 5*y - 10. Let z = 457 + -462. Determine s(z).
-10
Let q be (-9)/6*(-8)/6. Let z(x) = 2*x - 1 + 0*x + 11*x**q - 13*x**2. Let n(y) = y**2 + 7*y + 8. Let h be n(-6). Calculate z(h).
-5
Let m(b) = 5*b**3 - b**3 + b**2 + 80*b - 158*b + 77*b - 1. Calculate m(2).
33
Let d(f) be the third derivative of 0*f - 1/24*f**4 + 0 - 1/3*f**3 + 6*f**2. Give d(-8).
6
Let x = -110 - -33. Let q = -75 - x. Let k(b) = b**2 - 3*b + 1. Give k(q).
-1
Let t(x) be the third derivative of x**4/8 + x**3/3 - 577*x**2. Suppose -20 = -2*o - 2*o. Suppose 3*y - 4*u - 7 = 1, o*y - 3*u + 5 = 0. Give t(y).
-10
Let g(x) be the second derivative of -x**4/4 - x**3/6 - 14*x**2 + 18*x. Let k(w) be the first derivative of g(w). What is k(-1)?
5
Let b(z) = 6*z + 1. Let j be b(1). Let u be 35/10*4/j. Let s(n) = -8*n**u - n**2 + 3*n - n**3 - 2 + 8*n**2. Give s(-3).
7
Let t(k) = 5*k - 10461*k**2 - 4*k + 10457*k**2 - 3*k**3. Let g(b) = 2*b**3 + 3*b**2 - b. Suppose 4*f + 15 = f. Let r(w) = f*g(w) - 4*t(w). Give r(-1).
-2
Let o(g) = -g**2 - 3*g + 1. Let s(t) = t**2 - t - 4. Let a(z) = -2*z + 10. Let u be a(5). Let i be s(u). Determine o(i).
-3
Let p(m) = -15*m**3 + 13*m**2 + 7*m. Let k(b) = -11*b**3 + 12*b**2 + 7*b - 2. Let v(r) = -4*k(r) + 3*p(r). Give v(-8).
0
Let f(b) be the second derivative of -b**7/2520 + b**6/120 + b**5/60 - 2*b**4/3 - 9*b. Let h(s) be the third derivative of f(s). Give h(6).
2
Suppose -3*m = -4*h - 25, -h + 15*m - 6 = 14*m. Let y(v) = -v - 5. Give y(h).
2
Let a(w) = 1 - w + 0*w - 1. Let o be (-6)/15 + 74/10. Let n = o - 11. Give a(n).
4
Let r(f) = f**2 - 9*f - 10. Suppose 11*x - 45 = 43. Calculate r(x).
-18
Let z(d) be the second derivative of 7*d**4/6 + d**3/6 - d**2/2 - 7*d. What is z(1)?
14
Suppose -4*w + j + 11 = 0, -6 = w - 2*w - 3*j. Let a(q) = -w + 2*q - 7 + 12. Let o(x) = -5*x - 5. Let z(t) = -7*a(t) - 3*o(t). What is z(-2)?
-1
Let g(s) = 3*s**2 + 39*s + 4. Let v be g(-13). Let k(z) be the second derivative of 0*z**2 + 1/4*z**v + 1/6*z**3 + 0 - 1/20*z**5 - 3*z. Calculate k(3).
3
Suppose -3*q - 5*t = -q + 11, 2*q + 8 = -4*t. Let j = -65 - -68. Let b(k) = -q*k**3 + k**j - 1 - k + 4. What is b(0)?
3
Let i(j) = j + 2. Let o = -23 - -9. Let q be 46/4 + (-7)/o. Let s = q + -7. Calculate i(s).
7
Let c(x) = -x**2 + 1. Let k(n) = -7*n**2 + 7*n + 2. Let h(d) = -6*c(d) + k(d). Let q(w) be the first derivative of h(w). Determine q(7).
-7
Let t(j) be the third derivative of j**7/2520 - 7*j**6/720 + j**5/20 + j**4/12 - 3*j**2. Let a(p) be the second derivative of t(p). Calculate a(4).
-6
Let i(u) = -u**2 + 6*u + 3. Let d be (6/4)/((-39)/(-182)). Give i(d).
-4
Let v(j) = -j + 13. Let w(c) = -3*c**3 - 8*c**2 - c - 2. Let m be w(-3). Calculate v(m).
3
Let f(a) be the third derivative of a**6/120 + a**5/5 - a**4/24 - 10*a**3/3 + 37*a**2 - 4. Determine f(-12).
-8
Suppose -5*h + 7 = -48. Let k(v) = 5*v**2 - 2*v - 6. Let r(n) = 5*n + 1 + 5 + 0 - 9*n**2 + 5. Let p(l) = h*k(l) + 6*r(l). Give p(-7).
-7
Suppose 0*j - 3*j = 3*y - 21, 5*y - 29 = j. Let o be 2/y - (-16)/6. Let q(u) = -6*u + 2. Let n(x) = -x. Let k(d) = 5*n(d) - q(d). Determine k(o).
1
Suppose -4*c + 22 + 34 = 0. Suppose -2*v + h = 81, 0 = -2*h + 10 - 4. Let k be (c/6)/(13/v). Let d(u) = u**3 + 6*u**2 - 8*u - 10. Calculate d(k).
-3
Let f(p) = p + p**3 - 1540*p**2 + 0*p**3 + 2 + 1533*p**2. Give f(7).
9
Let y(d) = -d**3 + 2*d + 5. Let u(c) = -3*c**3 - c**2 + 3*c + 11. Let k(a) = -u(a) + 2*y(a). Suppose 0 = -3*s - 2*s. Calculate k(s).
-1
Let w(s) = -s**3 + 6*s**2 - 5*s + 2. Suppose 4*j = -87 + 27. Let o be ((-2)/6*j)/1. Calculate w(o).
2
Let z be 39 + (-3 + -13)/4. Suppose -2*j + 4 = b + 5, 5*b + z = 5*j. Let c(h) be the third derivative of 5*h**4/12 - h**3/6 - 18*h**2. What is c(j)?
19
Suppose 0 = 11*o - 112 + 24. Let w(u) = 0*u**2 + o*u**2 - 8*u**2 - 16*u**3. Give w(-1).
16
Let q(v) = 2*v**2 - 9*v. Suppose -z + 5*h - 1 = -2, 4*z + 3*h - 27 = 0. What is q(z)?
18
Suppose -3*g = -2*g. Let x(j) be the first derivative of 4*j + 8 + 1/2*j**2. What is x(g)?
4
Let s(w) be the first derivative of w**2/2 + w - 8. Let u(g) = -2*g**3 - 2*g**2 + 2*g + 1. Let n be u(-2). Give s(n).
6
Let u(c) = c. Let b be u(5). Suppose 5*o = -2*q + 55 - 23, -50 = -b*q - 5*o. Let d(y) = -1 + y - q*y - y. Calculate d(1).
-7
Let h(g) be the third derivative of -g**5/60 + g**4/12 + g**3/2 + 44*g**2 - 3. Calculate h(7).
-32
Let p = -277 + 274. Let z(k) = -k - 10. Calculate z(p).
-7
Let a(j) be the second derivative of j**5/20 + j**4/4 - j**3 - j**2/2 + 2*j. Suppose 0 = 5*n + 5*c + 35, -5*n + 4 = 3*c + 33. Give a(n).
7
Let q(h) = -h**3 + 6*h**2 + 5*h + 18. Let t be q(7). Let d(i) = -11*i + 10. Let x(l) = -6*l + 5. Let z(v) = -3*d(v) + 5*x(v). What is z(t)?
7
Let x(d) = 5707 + 2*d - 2846 - 2846. Calculate x(-10).
-5
Let k(m) = 8 - 48*m**2 - 3 + 21*m**2 + m + 17*m**2. Calculate k(-2).
-37
Let y(c) = 3*c**2 - 2*c - 10. Let o(u) = u**2 + u. Let d(h) = -5*o(h) + y(h). Let m be d(-3). Let a(p) = -p**2 - 7*p + 1. Calculate a(m).
1
Let k(t) = 3*t + 12. Let s be k(-3). Let i(u) be the third derivative of 0 - 1/3*u**s - 1/24*u**4 + 4*u**2 + 0*u. What is i(-4)?
2
Let q(p) = -p**2 - 6*p + 18. Let y be q(-7). Suppose 10 - y = v. Let r(s) = 6*s. Determine r(v).
-6
Let o(q) = -q - 4. Let l = 44 + -21. Suppose 2*m = -0*m - 40. Let r = l + m. Give o(r).
-7
Let c = -12 - -15. Suppose -2 = -c*h + h. Let r(s) = -h - 3*s**2 + 2*s**2 + 3*s**2. Determine r(-1).
1
Let z(l) be the second derivative of -l**3/6 + 4*l**2 - 16*l. What is z(6)?
2
Let j(u) = 13*u**2 - 3*u - 6. Let c(y) = -14*y**2 + 3*y + 8. Let l(x) = -4*c(x) - 5*j(x). Determine l(1).
-8
Suppose 3*w - 5*s - 1 = 1, -3*s + 22 = 4*w.